 = -18 - -40. What are the prime factors of m(a)?
2, 313
Suppose -47*h - 2632 = -61*h. Suppose 2*x = x - 134. Let o = x + h. What are the prime factors of o?
2, 3
What are the prime factors of -13 + (18 - (-1935 - -13))?
41, 47
Suppose 2*r - 6369 + 1520 = v, -4*r + v + 9693 = 0. What are the prime factors of r?
2, 7, 173
Let d be 437 + (-2 - 0/(-3)). Let w be (0 + -4)/((-1)/d). What are the prime factors of 2/6 - w/(-18)?
97
Suppose -260 = x - 257, x + 35775 = 3*q. What are the prime factors of q?
2, 11, 271
Let u(l) = l**3 - 13*l**2 - 5*l - 21. Let c = 12 - -2. Let b be u(c). Let k = b - 20. List the prime factors of k.
5, 17
Let r = 2576 + -1447. Suppose -2*o - 69 = -r. What are the prime factors of o?
2, 5, 53
Suppose 0 = -16*n + 74137 + 33799. List the prime factors of n.
2, 3373
Let h = 11 - 11. Let v be (-317)/((1 + -2)/(h + 1)). Suppose -4*k - 4*a + 404 = 0, 0 = -3*k + 5*a - a + v. What are the prime factors of k?
103
Suppose -2 = -n, 0 = 6*m - 2*m - 3*n - 262. Let y = -11 - -15. Suppose m = y*i + 3. List the prime factors of i.
2
List the prime factors of 1286 + (-12 - -7 - -15).
2, 3
Suppose -5*m = 5*n - 10*m - 120, n = -3*m + 32. Suppose n*c + 5308 = 30*c. What are the prime factors of c?
1327
Let m = -127 + 126. Let b be m/4*22*2. What are the prime factors of ((-6)/4)/(b/1012)?
2, 3, 23
Let j(a) = a**2 + 5*a - 50. Let n be j(-10). Suppose 3*g - 5*z - 833 = n, 1006 = 3*g + 5*z + 153. List the prime factors of g.
281
Let m be (80/(-12))/((-5)/480). Suppose m = 3*g + g. Suppose -2*h - 22 = -g. What are the prime factors of h?
3, 23
Suppose 62 = -6*v + 392. Let t = 63 - v. Let g(d) = -d**3 + 8*d**2 + 2*d - 2. What are the prime factors of g(t)?
2, 7
Suppose 632 = -6*i + 10*i. Suppose -i*j = -162*j + 3896. Suppose -5*k = 4*q - j, 0 = 4*q + 2 + 14. What are the prime factors of k?
2, 3, 11
Let z = 25275 - 9201. What are the prime factors of z?
2, 3, 19, 47
Suppose 1323 = 4*h - 5*x, -4*x = -2*h - 3*h + 1665. Let r = h - 22. What are the prime factors of r?
3, 5, 7
List the prime factors of ((-25)/(-15))/(30/4888404*6).
45263
Suppose -18*g = -13*g + 130. Let l = g + 62. Let s = 86 - l. What are the prime factors of s?
2, 5
Let o be ((-153)/12)/((-1)/(-4)). Suppose -57*m + 2005 = -2498. Let n = o + m. List the prime factors of n.
2, 7
Let a be -16 - -15 - (1 + -7). Suppose -3*z + a*z - 3560 = -2*l, 4*l + 3*z = 7125. What are the prime factors of l?
3, 5, 7, 17
Let d be 1 + 3 + (-4)/2. Let v = 1196 - 1056. Suppose v = 3*q + d*q. List the prime factors of q.
2, 7
List the prime factors of ((-24)/(-14))/(430/4071025).
2, 3, 5, 541
Let h be 2/12*-3*202. Let l = -412 - h. Let y = -198 - l. List the prime factors of y.
113
Let q = 50146 + 2039. Suppose 31*o = -4*o + q. List the prime factors of o.
3, 7, 71
Let p = 13499 - -7319. List the prime factors of p.
2, 7, 1487
Let u = -1655 - -781. Let p = -333 - u. What are the prime factors of p?
541
Let v = -7635 - -12935. Let t be (2/5)/(20/v). Let g = -7 + t. List the prime factors of g.
3, 11
Let g(f) = f**3 - 12*f**2 + 32*f + 27. Let d be g(6). List the prime factors of d + 22/(-8) + 39430/40.
2, 17, 29
Suppose 0 = c - y - 157 - 1314, 0 = -5*c + 3*y + 7361. Suppose 698*w - 697*w = c. What are the prime factors of w?
2, 11, 67
Let j(q) be the second derivative of q**4/12 + q**3 - 9*q**2/2 + 5*q + 10. Let o be 8/20*(-2 - 23). What are the prime factors of j(o)?
31
Let p = -267 + 271. Suppose -3*s + 2*g + 1 = -84, -p*s = -5*g - 104. What are the prime factors of s?
31
Suppose -x = -2*i - 40472, -484*i + 45 = -479*i. List the prime factors of x.
2, 5, 4049
Let z(h) = 486*h - 7. Let f be z(1). Let v = -238 + f. List the prime factors of v.
241
Let q be (3 - (-2 + 307))*3/(-6). Suppose -q = 4*k - 5035. What are the prime factors of k?
3, 11, 37
Let c be (-1*(2 - 0))/((-8)/(-14324)). List the prime factors of (c/(-5) - 1) + (-21)/105.
5, 11, 13
Let j = -4855 + 4866. Suppose 5*k + 2*s = 81, 0 = 5*k - 5*s - 0*s - 60. Suppose -j*x = -k*x + 172. List the prime factors of x.
43
List the prime factors of 56560/392*(2 + 152).
2, 5, 11, 101
Let d(p) be the third derivative of 1/12*p**4 + 0*p + 11/30*p**5 + 0 + 5*p**2 + 1/6*p**3. What are the prime factors of d(2)?
3, 31
Suppose -8487 = -4*b + 3678 + 9347. What are the prime factors of b?
2, 2689
Suppose 0 = 3*v + 3*d - 5502, 0 = 4*v - d + 3*d - 7340. Let o = -823 + v. List the prime factors of o.
1013
Let c = -27768 + 32838. What are the prime factors of c?
2, 3, 5, 13
Let k(t) = -t**3 + 8*t**2 - 11*t - 2. Let b be k(6). Suppose h + 1 = -5*o, b*h + 4*o - 6*o + 4 = 0. List the prime factors of (-6)/h*(2 - 0).
2, 3
Suppose 179*b + 35530 = 184*b. List the prime factors of b.
2, 11, 17, 19
Let v(d) = -95*d + 115. Let z be v(-33). List the prime factors of (706/10 + -1)/(260/z).
2, 3, 5, 29
Let s = 13641 - 5625. What are the prime factors of s?
2, 3, 167
What are the prime factors of (-313572)/(-42) - (2 + (0 - 4))?
2, 1867
Let q(o) = -2*o**3 + 5*o**2 - 3*o + 13. Let s be q(4). Let n = s + 72. List the prime factors of (402/5 - 10/n)/1.
2, 5
Suppose -2*i + w = 2*w - 1771, 3*w = 3*i - 2661. Let p = i + -114. What are the prime factors of p/24 - 3/18?
2
Suppose -437 = -13*c + 1695. List the prime factors of (32 - c)*4/(16/(-22)).
2, 3, 11
Let g(b) = -114*b**3 - 2*b**2 + 8*b + 7. Let p(m) = -60*m - 2. Let z be p(0). What are the prime factors of g(z)?
5, 179
Let k be ((-2)/12*(57 - 54))/(1/(-16)). Let g be (-6)/15 + (-4)/(-10). What are the prime factors of (-92*(-4)/k)/(g + 2)?
23
Let s = 3565 + -433. List the prime factors of s.
2, 3, 29
Let s = -453 + 371. Let w = s + 110. List the prime factors of w.
2, 7
Let d(j) = -3*j**2 + 36*j + 5. Let f be d(12). Suppose 2*x - f*o - 2006 = 0, -4*x + 4*o + 2157 + 1843 = 0. List the prime factors of x.
2, 499
Suppose -3*x - 142721 = -2*m, -65*m + 4*x + 71338 = -64*m. List the prime factors of m.
2, 127, 281
Let i = 3 - 1. Let j(y) = y**2 - 4*y + 5. Let m(z) = z**2 + z - 1. Let a(w) = i*m(w) + 2*j(w). What are the prime factors of a(3)?
2, 13
Let z(s) = -152 - 11*s + 132 + 49*s. List the prime factors of z(10).
2, 3, 5
Let j = -127 + 946. Let n = -520 + j. List the prime factors of n.
13, 23
Let a(i) = 2199*i**3 + 2*i**2 - 7*i + 7. List the prime factors of a(2).
73, 241
Let l = 53089 - 32993. What are the prime factors of l?
2, 157
Suppose -2*k + 181 = -y + 4*y, -y + 175 = 2*k. Let j be (10 - 292/28) + 456/(-14). Let n = k - j. What are the prime factors of n?
7, 17
Suppose 4*x - 16728 = 3*k, 2*x - 5685 = 5*k + 2679. What are the prime factors of x?
2, 3, 17, 41
Suppose -10*d + 13*d = 2*m + 127059, -84698 = -2*d + 4*m. What are the prime factors of d?
5, 43, 197
What are the prime factors of -6 + 6 + 56/(-7) - -15845?
3, 5279
Let c be ((-4)/(-3))/((-20)/(-90)). Suppose 0 = c*y + 1 - 13. Suppose -106 = -y*t - 2*a, -4*a = -3*t - t + 204. What are the prime factors of t?
2, 13
List the prime factors of 237995*((-264)/(-120) - 2).
47599
Let p be 2 + (-1)/4 + (-11845)/(-20). Suppose p = 6*m + 3*m. Suppose -4*c + 54 = -m. List the prime factors of c.
2, 3, 5
Suppose -5*m = x + 3, 0*m - 3*m + 5*x + 15 = 0. Suppose m = r - 20 - 16. Let c = 42 - r. What are the prime factors of c?
2, 3
Let b be (-6)/5*(-120)/36. List the prime factors of 26928/162 + 3/((-54)/b).
2, 83
Let t be (2 - 6 - -9)*-1. Let a(p) = 20*p**2 + 28*p + 159. List the prime factors of a(t).
3, 173
Let v(o) = 81*o - 54. Let i be v(-5). Let d = 535 - i. List the prime factors of d.
2, 7, 71
Suppose -54*g + 118860 = -40*g. What are the prime factors of g?
2, 3, 5, 283
Suppose -7*d + 18 - 88 = 0. Let j(n) = n**3 + 13*n**2 + 16*n + 22. What are the prime factors of j(d)?
2, 3
What are the prime factors of 7/77 + (-490784)/(-154)?
3187
Let i = -611 - -611. Suppose i = 2*l - 3*o + 533 - 4074, 4*o - 7112 = -4*l. What are the prime factors of l?
5, 71
Let i(z) = 31719*z**2 - 88*z - 2. List the prime factors of i(1).
3, 13, 811
Let k be 2*2 + 62/(-2). List the prime factors of k/18*(-610)/15.
61
Let j(t) = -t**3 + 36*t**2 - 67*t - 28. Let x be j(34). Suppose 2499 - 87 = x*c. What are the prime factors of c?
2, 3, 67
Suppose -5*q + d = -d - 5970, 5*q - 4*d = 5960. Suppose -3*m - q = -z, z + 4*m + 0*m = 1182. List the prime factors of z.
2, 5, 7, 17
Let s be ((-1)/2)/(9/(-108)). 